{"id":2,"date":"2023-09-19T10:40:27","date_gmt":"2023-09-19T10:40:27","guid":{"rendered":"http:\/\/danskenoedder.dk\/?page_id=2"},"modified":"2026-02-22T15:18:14","modified_gmt":"2026-02-22T15:18:14","slug":"forside","status":"publish","type":"page","link":"http:\/\/danskenoedder.dk\/","title":{"rendered":"Forside"},"content":{"rendered":"<p>[et_pb_section fb_built=&#8221;1&#8243; custom_padding_last_edited=&#8221;on|phone&#8221; prev_background_color=&#8221;RGBA(255,255,255,0)&#8221; _builder_version=&#8221;4.24.1&#8243; _module_preset=&#8221;default&#8221; background_enable_color=&#8221;off&#8221; background_image=&#8221;http:\/\/danskenoedder.dk\/wp-content\/uploads\/2023\/12\/img_dn_main-scaled.jpg&#8221; custom_padding=&#8221;250px||250px||false|false&#8221; custom_padding_tablet=&#8221;250px||250px||false|false&#8221; custom_padding_phone=&#8221;50vw||50vw||false|false&#8221; filter_sepia=&#8221;30%&#8221; filter_opacity=&#8221;90%&#8221; top_divider_style=&#8221;none&#8221; background_last_edited=&#8221;on|phone&#8221; background_image_phone=&#8221;http:\/\/danskenoedder.dk\/wp-content\/uploads\/2023\/12\/img_main_sp.jpg&#8221; background_enable_image_phone=&#8221;on&#8221; global_colors_info=&#8221;{}&#8221; custom_css_main_element_last_edited=&#8221;on|phone&#8221; custom_css_main_element_phone=&#8221;background-position: 63% 0% !important;&#8221;][\/et_pb_section][et_pb_section fb_built=&#8221;1&#8243; admin_label=&#8221;Welcome Note&#8221; _builder_version=&#8221;4.23&#8243; _module_preset=&#8221;default&#8221; background_color=&#8221;#FFFFFF&#8221; collapsed=&#8221;on&#8221; global_colors_info=&#8221;{}&#8221;][et_pb_row column_structure=&#8221;1_2,1_2&#8243; _builder_version=&#8221;4.24.1&#8243; _module_preset=&#8221;default&#8221; custom_margin=&#8221;0px||0px||false|false&#8221; custom_padding=&#8221;0px||0px||false|false&#8221; global_colors_info=&#8221;{}&#8221;][et_pb_column type=&#8221;1_2&#8243; _builder_version=&#8221;4.23&#8243; _module_preset=&#8221;default&#8221; custom_padding=&#8221;0px|0px|0px|0px|false|false&#8221; global_colors_info=&#8221;{}&#8221;][et_pb_image src=&#8221;http:\/\/danskenoedder.dk\/wp-content\/uploads\/2023\/12\/img_danskenoedder006.jpg&#8221; alt=&#8221;Danske N\u00f8dder&#8221; title_text=&#8221;danskenoedder&#8221; _builder_version=&#8221;4.27.4&#8243; _module_preset=&#8221;default&#8221; global_colors_info=&#8221;{}&#8221;][\/et_pb_image][\/et_pb_column][et_pb_column type=&#8221;1_2&#8243; _builder_version=&#8221;4.24.1&#8243; _module_preset=&#8221;default&#8221; global_colors_info=&#8221;{}&#8221;][et_pb_text _builder_version=&#8221;4.23&#8243; _module_preset=&#8221;6bb96f38-4050-4b99-883a-51dbe80580b6&#8243; text_font=&#8221;Poppins||||||||&#8221; text_text_color=&#8221;#000000&#8243; header_2_font=&#8221;Poppins|700|||||||&#8221; header_2_text_color=&#8221;#462500&#8243; header_3_font=&#8221;Poppins|700|||||||&#8221; header_3_text_color=&#8221;#462500&#8243; inline_fonts=&#8221;Dangrek&#8221; global_colors_info=&#8221;{}&#8221;]<\/p>\n<h3 class=\"wp-block-heading has-text-align-center has-primary-color has-text-color\"><\/h3>\n<p>&nbsp;<\/p>\n<h3 class=\"wp-block-heading has-text-align-center has-primary-color has-text-color\">Danske N\u00f8dder \u2013b<span>\u00e6redygtige, \u00f8kologisk producerede <\/span><span class=\"il\">danske<\/span><span> kvalitetsn\u00f8dder\u00a0<\/span><\/h3>\n<p><span><\/span><\/p>\n<p class=\"wp-block-heading has-text-align-center has-primary-color has-text-color\">Vi hedder Mila og Lasse og vi har en dr\u00f8m: Lokal, b\u00e6redygtig, \u00f8kologisk produktion i Danmark af valn\u00f8dder, hasseln\u00f8dder og \u00e6gte spisekastanje af h\u00f8jeste kvalitet og med sikkerhed for sortsvalg.<\/p>\n<p class=\"wp-block-heading has-text-align-center has-primary-color has-text-color\">Sammen grundlagde vi derfor i 2021 virksomheden Danske N\u00f8dder. Samme \u00e5r k\u00f8bte vi g\u00e5rden Strandbyhus samt 17 hektar god, \u00d8stfyns landbrugsjord.<\/p>\n<p class=\"wp-block-heading has-text-align-center has-primary-color has-text-color\">Her har vi siden da sat i omegn af 10.000 blandede planter i jorden &#8211; hver eneste plantet med h\u00e5ndkraft i eget hul og omhyggeligt vandet i det f\u00f8rste vokse\u00e5r n\u00e5r t\u00f8rken blev for slem.<\/p>\n<p class=\"wp-block-heading has-text-align-center has-primary-color has-text-color\">Vi \u00f8nsker at give naturen plads i vores landbrug. St\u00f8rstedelen af planterne er derfor blandede tr\u00e6er og buske som omkranser og l\u00f8ber igennem markerne, hvor fugle, insekter og sm\u00e5dyr f\u00e5r fred og kan boltre sig.<\/p>\n<p class=\"wp-block-heading has-text-align-center has-primary-color has-text-color\">[\/et_pb_text][et_pb_button button_url=&#8221;@ET-DC@eyJkeW5hbWljIjp0cnVlLCJjb250ZW50IjoicG9zdF9saW5rX3VybF9wYWdlIiwic2V0dGluZ3MiOnsicG9zdF9pZCI6IjM0MyJ9fQ==@&#8221; button_text=&#8221;L\u00e6s mere&#8221; button_alignment=&#8221;center&#8221; _builder_version=&#8221;4.24.1&#8243; _dynamic_attributes=&#8221;button_url&#8221; _module_preset=&#8221;default&#8221; custom_button=&#8221;on&#8221; button_text_size=&#8221;18px&#8221; button_text_color=&#8221;#FFFFFF&#8221; button_bg_color=&#8221;#462500&#8243; button_font=&#8221;Poppins||||||||&#8221; global_colors_info=&#8221;{}&#8221;][\/et_pb_button][\/et_pb_column][\/et_pb_row][\/et_pb_section][et_pb_section fb_built=&#8221;1&#8243; _builder_version=&#8221;4.23&#8243; _module_preset=&#8221;default&#8221; background_enable_color=&#8221;off&#8221; custom_margin=&#8221;||||false|false&#8221; custom_padding=&#8221;0px||0px|||&#8221; global_colors_info=&#8221;{}&#8221;][et_pb_row column_structure=&#8221;1_3,1_3,1_3&#8243; use_custom_gutter=&#8221;on&#8221; gutter_width=&#8221;1&#8243; make_equal=&#8221;on&#8221; _builder_version=&#8221;4.23&#8243; _module_preset=&#8221;default&#8221; width=&#8221;100%&#8221; width_tablet=&#8221;100%&#8221; width_phone=&#8221;100%&#8221; width_last_edited=&#8221;on|desktop&#8221; max_width=&#8221;100%&#8221; module_alignment=&#8221;center&#8221; custom_margin=&#8221;0px|0px||0px|false|false&#8221; custom_padding=&#8221;0px|||||&#8221; filter_sepia=&#8221;30%&#8221; filter_opacity=&#8221;80%&#8221; global_colors_info=&#8221;{}&#8221;][et_pb_column type=&#8221;1_3&#8243; _builder_version=&#8221;4.23&#8243; _module_preset=&#8221;default&#8221; global_colors_info=&#8221;{}&#8221;][et_pb_image src=&#8221;http:\/\/danskenoedder.dk\/wp-content\/uploads\/2023\/12\/img_danskenoedder004.jpg&#8221; alt=&#8221;Danske N\u00f8dder&#8221; title_text=&#8221;Billede taget af Mogens Stampe&#8221; align=&#8221;center&#8221; _builder_version=&#8221;4.24.1&#8243; _module_preset=&#8221;default&#8221; width=&#8221;100%&#8221; max_width=&#8221;100%&#8221; custom_margin=&#8221;|0px|||false|false&#8221; animation_style=&#8221;fade&#8221; global_colors_info=&#8221;{}&#8221;][\/et_pb_image][\/et_pb_column][et_pb_column type=&#8221;1_3&#8243; _builder_version=&#8221;4.23&#8243; _module_preset=&#8221;default&#8221; global_colors_info=&#8221;{}&#8221;][et_pb_image src=&#8221;http:\/\/danskenoedder.dk\/wp-content\/uploads\/2023\/12\/img_danskenoedder005.jpg&#8221; alt=&#8221;Danske N\u00f8dder&#8221; title_text=&#8221;Billede taget af Mogens Stampe&#8221; show_bottom_space=&#8221;off&#8221; align=&#8221;center&#8221; _builder_version=&#8221;4.24.1&#8243; _module_preset=&#8221;default&#8221; width=&#8221;100%&#8221; max_width=&#8221;100%&#8221; custom_margin=&#8221;|0px||0px|false|false&#8221; custom_padding=&#8221;|0px||0px||&#8221; animation_style=&#8221;fade&#8221; global_colors_info=&#8221;{}&#8221;][\/et_pb_image][\/et_pb_column][et_pb_column type=&#8221;1_3&#8243; _builder_version=&#8221;4.23&#8243; _module_preset=&#8221;default&#8221; global_colors_info=&#8221;{}&#8221;][et_pb_image src=&#8221;http:\/\/danskenoedder.dk\/wp-content\/uploads\/2023\/12\/img_danskenoedder006.jpg&#8221; alt=&#8221;Danske N\u00f8dder&#8221; title_text=&#8221;danskenoedder&#8221; align=&#8221;center&#8221; _builder_version=&#8221;4.24.1&#8243; _module_preset=&#8221;default&#8221; width=&#8221;100%&#8221; max_width=&#8221;100%&#8221; custom_padding=&#8221;|||0px||&#8221; animation_style=&#8221;fade&#8221; global_colors_info=&#8221;{}&#8221;][\/et_pb_image][\/et_pb_column][\/et_pb_row][\/et_pb_section][et_pb_section fb_built=&#8221;1&#8243; _builder_version=&#8221;4.24.1&#8243; _module_preset=&#8221;default&#8221; background_color=&#8221;#f7f5f0&#8243; custom_margin=&#8221;-4px||-1px||false|false&#8221; custom_padding=&#8221;60px||60px||false|false&#8221; global_colors_info=&#8221;{}&#8221;][et_pb_row _builder_version=&#8221;4.23&#8243; _module_preset=&#8221;default&#8221; custom_margin=&#8221;0px||||false|false&#8221; custom_padding=&#8221;0px||20px||false|false&#8221; global_colors_info=&#8221;{}&#8221;][et_pb_column type=&#8221;4_4&#8243; _builder_version=&#8221;4.23&#8243; _module_preset=&#8221;default&#8221; global_colors_info=&#8221;{}&#8221;][et_pb_text module_id=&#8221;media&#8221; _builder_version=&#8221;4.24.1&#8243; _module_preset=&#8221;default&#8221; header_2_font=&#8221;Poppins|700|||||||&#8221; header_2_text_color=&#8221;#462500&#8243; header_4_font=&#8221;Poppins||||||||&#8221; header_4_text_color=&#8221;#462500&#8243; text_orientation=&#8221;center&#8221; global_colors_info=&#8221;{}&#8221;]<\/p>\n<h4>Vores rejse<\/h4>\n<h2>Danske N\u00f8dder i medierne<\/h2>\n<p style=\"text-align: center;\">\u00a0Vi er heldigvis ikke de eneste som synes at vores projekt er sp\u00e6ndende. Samtidig har vi som m\u00e5ls\u00e6tning at bidrage med viden om b\u00e6redygtig n\u00f8ddeproduktion, og stiller altid gerne op til en snak. Se fx:<\/p>\n<p>[\/et_pb_text][\/et_pb_column][\/et_pb_row][et_pb_row column_structure=&#8221;1_5,1_5,1_5,1_5,1_5&#8243; _builder_version=&#8221;4.27.5&#8243; _module_preset=&#8221;default&#8221; global_colors_info=&#8221;{}&#8221;][et_pb_column type=&#8221;1_5&#8243; _builder_version=&#8221;4.24.1&#8243; _module_preset=&#8221;default&#8221; background_color=&#8221;#FFFFFF&#8221; border_width_all=&#8221;2px&#8221; border_color_all=&#8221;#e0c3a6&#8243; box_shadow_style=&#8221;preset3&#8243; global_colors_info=&#8221;{}&#8221; box_shadow_blur__hover_enabled=&#8221;on|hover&#8221; box_shadow_blur__hover=&#8221;80px&#8221;][et_pb_image src=&#8221;http:\/\/danskenoedder.dk\/wp-content\/uploads\/2024\/02\/Skaermbillede-2024-02-18-185540-1-1.png&#8221; title_text=&#8221;Fyns Amts Avis &#8211; Maj-2023- Danske N\u00f8dder&#8221; url=&#8221;https:\/\/faa.dk\/svendborg\/mila-og-lasse-har-startet-den-foerste-og-stoerste-noeddeplantage-i-hesselager-danskere-skal-kunne-koebe-danske-baeredygtige-noedder&#8221; url_new_window=&#8221;on&#8221; _builder_version=&#8221;4.24.1&#8243; _module_preset=&#8221;default&#8221; custom_margin=&#8221;||4px|||&#8221; filter_hue_rotate_tablet=&#8221;&#8221; filter_hue_rotate_phone=&#8221;&#8221; filter_hue_rotate_last_edited=&#8221;on|desktop&#8221; border_width_all=&#8221;2px&#8221; border_color_all=&#8221;#e0d2b5&#8243; global_colors_info=&#8221;{}&#8221; filter_saturate__hover_enabled=&#8221;on|desktop&#8221; filter_saturate__hover=&#8221;100%&#8221;][\/et_pb_image][\/et_pb_column][et_pb_column type=&#8221;1_5&#8243; _builder_version=&#8221;4.24.1&#8243; _module_preset=&#8221;default&#8221; border_width_all=&#8221;3px&#8221; border_color_all=&#8221;#e0c3a6&#8243; box_shadow_style=&#8221;preset3&#8243; global_colors_info=&#8221;{}&#8221; box_shadow_vertical__hover_enabled=&#8221;on|hover&#8221; box_shadow_vertical__hover=&#8221;12px&#8221; box_shadow_blur__hover_enabled=&#8221;on|hover&#8221; box_shadow_blur__hover=&#8221;80px&#8221;][et_pb_image src=&#8221;http:\/\/danskenoedder.dk\/wp-content\/uploads\/2024\/02\/Skaermbillede-2024-02-18-190448-1-1.png&#8221; alt=&#8221;Danske noedder i m\u00e5nedsavisen&#8221; title_text=&#8221;M\u00e5nedsAvisen &#8211; November &#8211; 2023 &#8211; Danske N\u00f8dder&#8221; url=&#8221;https:\/\/issuu.com\/denlilleavis2019\/docs\/ma-45_00&#8243; url_new_window=&#8221;on&#8221; _builder_version=&#8221;4.24.1&#8243; _module_preset=&#8221;default&#8221; background_color=&#8221;#FFFFFF&#8221; custom_margin=&#8221;||10px|||&#8221; filter_hue_rotate_tablet=&#8221;&#8221; filter_hue_rotate_phone=&#8221;&#8221; filter_hue_rotate_last_edited=&#8221;on|desktop&#8221; filter_saturate_tablet=&#8221;&#8221; filter_saturate_phone=&#8221;&#8221; filter_saturate_last_edited=&#8221;on|desktop&#8221; border_width_all=&#8221;2px&#8221; border_color_all=&#8221;#e0d2b5&#8243; global_colors_info=&#8221;{}&#8221; filter_saturate__hover=&#8221;100%&#8221; filter_saturate__hover_enabled=&#8221;on|desktop&#8221;][\/et_pb_image][\/et_pb_column][et_pb_column type=&#8221;1_5&#8243; _builder_version=&#8221;4.24.1&#8243; _module_preset=&#8221;default&#8221; border_width_all=&#8221;3px&#8221; border_color_all=&#8221;#e0c3a6&#8243; box_shadow_style=&#8221;preset3&#8243; global_colors_info=&#8221;{}&#8221; box_shadow_blur__hover_enabled=&#8221;on|hover&#8221; box_shadow_blur__hover=&#8221;18px&#8221;][et_pb_image src=&#8221;http:\/\/danskenoedder.dk\/wp-content\/uploads\/2024\/02\/Skaermbillede-2024-02-18-191354-1-1.png&#8221; title_text=&#8221;Innovationscenter for \u00d8kologisk Landbrug N\u00f8ddekatalog &#8211; 2023&#8243; url=&#8221;https:\/\/icoel.dk\/media\/1bkp35kn\/katalog-2023.pdf&#8221; url_new_window=&#8221;on&#8221; _builder_version=&#8221;4.24.1&#8243; _module_preset=&#8221;default&#8221; background_color=&#8221;#FFFFFF&#8221; custom_margin=&#8221;||10px|||&#8221; filter_hue_rotate_tablet=&#8221;&#8221; filter_hue_rotate_phone=&#8221;&#8221; filter_hue_rotate_last_edited=&#8221;on|desktop&#8221; filter_saturate_tablet=&#8221;&#8221; filter_saturate_phone=&#8221;&#8221; filter_saturate_last_edited=&#8221;on|desktop&#8221; border_width_all=&#8221;2px&#8221; border_color_all=&#8221;#e0d2b5&#8243; global_colors_info=&#8221;{}&#8221; filter_saturate__hover=&#8221;100%&#8221; filter_saturate__hover_enabled=&#8221;on|desktop&#8221; filter_hue_rotate__hover_enabled=&#8221;on|desktop&#8221;][\/et_pb_image][\/et_pb_column][et_pb_column type=&#8221;1_5&#8243; _builder_version=&#8221;4.24.1&#8243; _module_preset=&#8221;default&#8221; border_width_all=&#8221;3px&#8221; border_color_all=&#8221;#e0c3a6&#8243; box_shadow_style=&#8221;preset3&#8243; global_colors_info=&#8221;{}&#8221; box_shadow_blur__hover_enabled=&#8221;on|hover&#8221; box_shadow_blur__hover=&#8221;80px&#8221;][et_pb_image src=&#8221;http:\/\/danskenoedder.dk\/wp-content\/uploads\/2024\/02\/Skaermbillede-2024-02-18-191727-1-1.png&#8221; title_text=&#8221;Podcastserie: Danske \u00f8kologiske n\u00f8dder &#8211; December 2023 ICOEL&#8221; url=&#8221;https:\/\/icoel.dk\/planteavl\/podcastserie-danske-oekologiske-noedder\/&#8221; url_new_window=&#8221;on&#8221; _builder_version=&#8221;4.24.1&#8243; _module_preset=&#8221;default&#8221; custom_margin=&#8221;||-9px|||&#8221; custom_padding=&#8221;||8px|||&#8221; filter_hue_rotate_tablet=&#8221;&#8221; filter_hue_rotate_phone=&#8221;&#8221; filter_hue_rotate_last_edited=&#8221;on|desktop&#8221; border_width_all=&#8221;2px&#8221; border_color_all=&#8221;#e0d2b5&#8243; global_colors_info=&#8221;{}&#8221; filter_saturate__hover=&#8221;100%&#8221; filter_saturate__hover_enabled=&#8221;on|hover&#8221; filter_hue_rotate__hover_enabled=&#8221;on|desktop&#8221;][\/et_pb_image][\/et_pb_column][et_pb_column type=&#8221;1_5&#8243; _builder_version=&#8221;4.24.1&#8243; _module_preset=&#8221;default&#8221; border_width_all=&#8221;3px&#8221; border_color_all=&#8221;#e0c3a6&#8243; box_shadow_style=&#8221;preset3&#8243; global_colors_info=&#8221;{}&#8221; box_shadow_blur__hover_enabled=&#8221;on|hover&#8221; box_shadow_blur__hover=&#8221;80px&#8221;][et_pb_image src=&#8221;http:\/\/danskenoedder.dk\/wp-content\/uploads\/2026\/02\/Skaermbillede-2026-02-22-161217.png&#8221; title_text=&#8221;Sk\u00e6rmbillede 2026-02-22 161217&#8243; url=&#8221;https:\/\/severinkursuscenter.dk\/severin-kursuscenter-og-hotel-indgaar-nyt-samarbejde-med-danske-noedder\/&#8221; _builder_version=&#8221;4.27.5&#8243; _module_preset=&#8221;default&#8221; height=&#8221;177px&#8221; height_tablet=&#8221;177px&#8221; height_phone=&#8221;&#8221; height_last_edited=&#8221;on|desktop&#8221; hover_enabled=&#8221;0&#8243; global_colors_info=&#8221;{}&#8221; src_last_edited=&#8221;off|phone&#8221; sticky_enabled=&#8221;0&#8243;][\/et_pb_image][\/et_pb_column][\/et_pb_row][\/et_pb_section]<\/p>\n","protected":false},"excerpt":{"rendered":"<p>&nbsp; Danske N\u00f8dder \u2013b\u00e6redygtige, \u00f8kologisk producerede danske kvalitetsn\u00f8dder\u00a0 Vi hedder Mila og Lasse og vi har en dr\u00f8m: Lokal, b\u00e6redygtig, \u00f8kologisk produktion i Danmark af valn\u00f8dder, hasseln\u00f8dder og \u00e6gte spisekastanje af h\u00f8jeste kvalitet og med sikkerhed for sortsvalg. Sammen grundlagde vi derfor i 2021 virksomheden Danske N\u00f8dder. Samme \u00e5r k\u00f8bte vi g\u00e5rden Strandbyhus samt 17 [&hellip;]<\/p>\n","protected":false},"author":1,"featured_media":0,"parent":0,"menu_order":0,"comment_status":"closed","ping_status":"closed","template":"","meta":{"_et_pb_use_builder":"on","_et_pb_old_content":"<!-- wp:paragraph -->\n<p>This is an example page. It's different from a blog post because it will stay in one place and will show up in your site navigation (in most themes). Most people start with an About page that introduces them to potential site visitors. It might say something like this:<\/p>\n<!-- \/wp:paragraph -->\n\n<!-- wp:quote -->\n<blockquote class=\"wp-block-quote\"><!-- wp:paragraph -->\n<p>Hi there! I'm a bike messenger by day, aspiring actor by night, and this is my website. I live in Los Angeles, have a great dog named Jack, and I like pi\u00f1a coladas. (And gettin' caught in the rain.)<\/p>\n<!-- \/wp:paragraph --><\/blockquote>\n<!-- \/wp:quote -->\n\n<!-- wp:paragraph -->\n<p>...or something like this:<\/p>\n<!-- \/wp:paragraph -->\n\n<!-- wp:quote -->\n<blockquote class=\"wp-block-quote\"><!-- wp:paragraph -->\n<p>The XYZ Doohickey Company was founded in 1971, and has been providing quality doohickeys to the public ever since. Located in Gotham City, XYZ employs over 2,000 people and does all kinds of awesome things for the Gotham community.<\/p>\n<!-- \/wp:paragraph --><\/blockquote>\n<!-- \/wp:quote -->\n\n<!-- wp:paragraph -->\n<p>As a new WordPress user, you should go to <a href=\"http:\/\/danskenoedder.dk\/wp-admin\/\">your dashboard<\/a> to delete this page and create new pages for your content. Have fun!<\/p>\n<!-- \/wp:paragraph -->","_et_gb_content_width":"","footnotes":""},"class_list":["post-2","page","type-page","status-publish","hentry"],"yoast_head":"<!-- This site is optimized with the Yoast SEO plugin v27.1.1 - https:\/\/yoast.com\/product\/yoast-seo-wordpress\/ -->\n<title>Danske N\u00f8dder - b\u00e6redygtige, \u00f8kologisk producerede danske kvalitetsn\u00f8dder<\/title>\n<meta name=\"description\" content=\"Lokal, b\u00e6redygtig, \u00f8kologisk produktion i Danmark af valn\u00f8dder, hasseln\u00f8dder og \u00e6gte spisekastanje af h\u00f8jeste kvalitet og med sikkerhed for sortsvalg.\" \/>\n<meta name=\"robots\" content=\"index, follow, max-snippet:-1, max-image-preview:large, max-video-preview:-1\" \/>\n<link rel=\"canonical\" href=\"https:\/\/danskenoedder.dk\/\" \/>\n<meta property=\"og:locale\" content=\"en_US\" \/>\n<meta property=\"og:type\" content=\"article\" \/>\n<meta property=\"og:title\" content=\"Danske N\u00f8dder - b\u00e6redygtige, \u00f8kologisk producerede danske kvalitetsn\u00f8dder\" \/>\n<meta property=\"og:description\" content=\"Lokal, b\u00e6redygtig, \u00f8kologisk produktion i Danmark af valn\u00f8dder, hasseln\u00f8dder og \u00e6gte spisekastanje af h\u00f8jeste kvalitet og med sikkerhed for sortsvalg.\" \/>\n<meta property=\"og:url\" content=\"https:\/\/danskenoedder.dk\/\" \/>\n<meta property=\"og:site_name\" content=\"Danske N\u00f8dder\" \/>\n<meta property=\"article:publisher\" content=\"https:\/\/www.facebook.com\/people\/Danske-ndder\/100093444964142\/\" \/>\n<meta property=\"article:modified_time\" content=\"2026-02-22T15:18:14+00:00\" \/>\n<meta name=\"twitter:card\" content=\"summary_large_image\" \/>\n<meta name=\"twitter:label1\" content=\"Est. reading time\" \/>\n\t<meta name=\"twitter:data1\" content=\"3 minutes\" \/>\n<script type=\"application\/ld+json\" class=\"yoast-schema-graph\">{\"@context\":\"https:\/\/schema.org\",\"@graph\":[{\"@type\":\"WebPage\",\"@id\":\"https:\/\/danskenoedder.dk\/\",\"url\":\"https:\/\/danskenoedder.dk\/\",\"name\":\"Danske N\u00f8dder - b\u00e6redygtige, \u00f8kologisk producerede danske kvalitetsn\u00f8dder\",\"isPartOf\":{\"@id\":\"https:\/\/danskenoedder.dk\/#website\"},\"datePublished\":\"2023-09-19T10:40:27+00:00\",\"dateModified\":\"2026-02-22T15:18:14+00:00\",\"description\":\"Lokal, b\u00e6redygtig, \u00f8kologisk produktion i Danmark af valn\u00f8dder, hasseln\u00f8dder og \u00e6gte spisekastanje af h\u00f8jeste kvalitet og med sikkerhed for sortsvalg.\",\"breadcrumb\":{\"@id\":\"https:\/\/danskenoedder.dk\/#breadcrumb\"},\"inLanguage\":\"en-US\",\"potentialAction\":[{\"@type\":\"ReadAction\",\"target\":[\"https:\/\/danskenoedder.dk\/\"]}]},{\"@type\":\"BreadcrumbList\",\"@id\":\"https:\/\/danskenoedder.dk\/#breadcrumb\",\"itemListElement\":[{\"@type\":\"ListItem\",\"position\":1,\"name\":\"Home\",\"item\":\"https:\/\/danskenoedder.dk\/\"},{\"@type\":\"ListItem\",\"position\":2,\"name\":\"Forside\"}]},{\"@type\":\"WebSite\",\"@id\":\"https:\/\/danskenoedder.dk\/#website\",\"url\":\"https:\/\/danskenoedder.dk\/\",\"name\":\"Danske N\u00f8dder\",\"description\":\"dansken\u00f8dder\",\"publisher\":{\"@id\":\"https:\/\/danskenoedder.dk\/#organization\"},\"potentialAction\":[{\"@type\":\"SearchAction\",\"target\":{\"@type\":\"EntryPoint\",\"urlTemplate\":\"https:\/\/danskenoedder.dk\/?s={search_term_string}\"},\"query-input\":{\"@type\":\"PropertyValueSpecification\",\"valueRequired\":true,\"valueName\":\"search_term_string\"}}],\"inLanguage\":\"en-US\"},{\"@type\":\"Organization\",\"@id\":\"https:\/\/danskenoedder.dk\/#organization\",\"name\":\"Danske N\u00f8dder\",\"url\":\"https:\/\/danskenoedder.dk\/\",\"logo\":{\"@type\":\"ImageObject\",\"inLanguage\":\"en-US\",\"@id\":\"https:\/\/danskenoedder.dk\/#\/schema\/logo\/image\/\",\"url\":\"https:\/\/danskenoedder.dk\/wp-content\/uploads\/2024\/02\/Logo_RGB_1200x1200.png\",\"contentUrl\":\"https:\/\/danskenoedder.dk\/wp-content\/uploads\/2024\/02\/Logo_RGB_1200x1200.png\",\"width\":1200,\"height\":1200,\"caption\":\"Danske N\u00f8dder\"},\"image\":{\"@id\":\"https:\/\/danskenoedder.dk\/#\/schema\/logo\/image\/\"},\"sameAs\":[\"https:\/\/www.facebook.com\/people\/Danske-ndder\/100093444964142\/\",\"https:\/\/www.instagram.com\/danskenoedder\/\"]}]}<\/script>\n<!-- \/ Yoast SEO plugin. -->","yoast_head_json":{"title":"Danske N\u00f8dder - b\u00e6redygtige, \u00f8kologisk producerede danske kvalitetsn\u00f8dder","description":"Lokal, b\u00e6redygtig, \u00f8kologisk produktion i Danmark af valn\u00f8dder, hasseln\u00f8dder og \u00e6gte spisekastanje af h\u00f8jeste kvalitet og med sikkerhed for sortsvalg.","robots":{"index":"index","follow":"follow","max-snippet":"max-snippet:-1","max-image-preview":"max-image-preview:large","max-video-preview":"max-video-preview:-1"},"canonical":"https:\/\/danskenoedder.dk\/","og_locale":"en_US","og_type":"article","og_title":"Danske N\u00f8dder - b\u00e6redygtige, \u00f8kologisk producerede danske kvalitetsn\u00f8dder","og_description":"Lokal, b\u00e6redygtig, \u00f8kologisk produktion i Danmark af valn\u00f8dder, hasseln\u00f8dder og \u00e6gte spisekastanje af h\u00f8jeste kvalitet og med sikkerhed for sortsvalg.","og_url":"https:\/\/danskenoedder.dk\/","og_site_name":"Danske N\u00f8dder","article_publisher":"https:\/\/www.facebook.com\/people\/Danske-ndder\/100093444964142\/","article_modified_time":"2026-02-22T15:18:14+00:00","twitter_card":"summary_large_image","twitter_misc":{"Est. reading time":"3 minutes"},"schema":{"@context":"https:\/\/schema.org","@graph":[{"@type":"WebPage","@id":"https:\/\/danskenoedder.dk\/","url":"https:\/\/danskenoedder.dk\/","name":"Danske N\u00f8dder - b\u00e6redygtige, \u00f8kologisk producerede danske kvalitetsn\u00f8dder","isPartOf":{"@id":"https:\/\/danskenoedder.dk\/#website"},"datePublished":"2023-09-19T10:40:27+00:00","dateModified":"2026-02-22T15:18:14+00:00","description":"Lokal, b\u00e6redygtig, \u00f8kologisk produktion i Danmark af valn\u00f8dder, hasseln\u00f8dder og \u00e6gte spisekastanje af h\u00f8jeste kvalitet og med sikkerhed for sortsvalg.","breadcrumb":{"@id":"https:\/\/danskenoedder.dk\/#breadcrumb"},"inLanguage":"en-US","potentialAction":[{"@type":"ReadAction","target":["https:\/\/danskenoedder.dk\/"]}]},{"@type":"BreadcrumbList","@id":"https:\/\/danskenoedder.dk\/#breadcrumb","itemListElement":[{"@type":"ListItem","position":1,"name":"Home","item":"https:\/\/danskenoedder.dk\/"},{"@type":"ListItem","position":2,"name":"Forside"}]},{"@type":"WebSite","@id":"https:\/\/danskenoedder.dk\/#website","url":"https:\/\/danskenoedder.dk\/","name":"Danske N\u00f8dder","description":"dansken\u00f8dder","publisher":{"@id":"https:\/\/danskenoedder.dk\/#organization"},"potentialAction":[{"@type":"SearchAction","target":{"@type":"EntryPoint","urlTemplate":"https:\/\/danskenoedder.dk\/?s={search_term_string}"},"query-input":{"@type":"PropertyValueSpecification","valueRequired":true,"valueName":"search_term_string"}}],"inLanguage":"en-US"},{"@type":"Organization","@id":"https:\/\/danskenoedder.dk\/#organization","name":"Danske N\u00f8dder","url":"https:\/\/danskenoedder.dk\/","logo":{"@type":"ImageObject","inLanguage":"en-US","@id":"https:\/\/danskenoedder.dk\/#\/schema\/logo\/image\/","url":"https:\/\/danskenoedder.dk\/wp-content\/uploads\/2024\/02\/Logo_RGB_1200x1200.png","contentUrl":"https:\/\/danskenoedder.dk\/wp-content\/uploads\/2024\/02\/Logo_RGB_1200x1200.png","width":1200,"height":1200,"caption":"Danske N\u00f8dder"},"image":{"@id":"https:\/\/danskenoedder.dk\/#\/schema\/logo\/image\/"},"sameAs":["https:\/\/www.facebook.com\/people\/Danske-ndder\/100093444964142\/","https:\/\/www.instagram.com\/danskenoedder\/"]}]}},"_links":{"self":[{"href":"http:\/\/danskenoedder.dk\/index.php\/wp-json\/wp\/v2\/pages\/2","targetHints":{"allow":["GET"]}}],"collection":[{"href":"http:\/\/danskenoedder.dk\/index.php\/wp-json\/wp\/v2\/pages"}],"about":[{"href":"http:\/\/danskenoedder.dk\/index.php\/wp-json\/wp\/v2\/types\/page"}],"author":[{"embeddable":true,"href":"http:\/\/danskenoedder.dk\/index.php\/wp-json\/wp\/v2\/users\/1"}],"replies":[{"embeddable":true,"href":"http:\/\/danskenoedder.dk\/index.php\/wp-json\/wp\/v2\/comments?post=2"}],"version-history":[{"count":106,"href":"http:\/\/danskenoedder.dk\/index.php\/wp-json\/wp\/v2\/pages\/2\/revisions"}],"predecessor-version":[{"id":851,"href":"http:\/\/danskenoedder.dk\/index.php\/wp-json\/wp\/v2\/pages\/2\/revisions\/851"}],"wp:attachment":[{"href":"http:\/\/danskenoedder.dk\/index.php\/wp-json\/wp\/v2\/media?parent=2"}],"curies":[{"name":"wp","href":"https:\/\/api.w.org\/{rel}","templated":true}]}}